 of 1074 and 18.
6
What is the greatest common divisor of 302 and 1359?
151
What is the greatest common factor of 26 and 91?
13
Calculate the highest common divisor of 3 and 837.
3
Calculate the highest common divisor of 9 and 66.
3
Calculate the highest common factor of 12 and 2292.
12
What is the highest common factor of 216 and 459?
27
Calculate the highest common divisor of 44 and 34892.
44
Calculate the greatest common divisor of 12 and 96.
12
Calculate the greatest common divisor of 1182 and 72.
6
Calculate the greatest common divisor of 1505 and 35.
35
What is the highest common divisor of 16 and 2416?
16
What is the greatest common factor of 416 and 78?
26
What is the highest common divisor of 493 and 4471?
17
What is the greatest common divisor of 20408 and 8?
8
Calculate the greatest common divisor of 629 and 323.
17
What is the highest common factor of 104 and 39?
13
Calculate the greatest common factor of 15238 and 38.
38
Calculate the greatest common divisor of 700 and 400.
100
What is the highest common divisor of 64 and 160?
32
Calculate the greatest common divisor of 120 and 15.
15
What is the highest common factor of 73 and 1168?
73
What is the greatest common divisor of 1243 and 11?
11
What is the highest common divisor of 6721 and 143?
143
Calculate the greatest common factor of 928 and 290.
58
What is the highest common divisor of 147 and 4788?
21
What is the greatest common divisor of 216 and 6561?
27
Calculate the greatest common factor of 1230 and 15.
15
What is the greatest common divisor of 24 and 24?
24
Calculate the greatest common factor of 175 and 25.
25
What is the highest common factor of 57 and 24?
3
What is the greatest common divisor of 7 and 1169?
7
Calculate the greatest common factor of 19329 and 758.
379
Calculate the greatest common divisor of 34630 and 40.
10
Calculate the highest common factor of 1183 and 364.
91
What is the greatest common divisor of 27 and 105?
3
Calculate the highest common divisor of 495 and 2745.
45
Calculate the highest common divisor of 268 and 32.
4
What is the highest common divisor of 2124 and 36?
36
Calculate the highest common factor of 204 and 5797.
17
What is the highest common divisor of 693 and 88?
11
What is the highest common factor of 138 and 1311?
69
Calculate the greatest common factor of 5423 and 561.
187
Calculate the greatest common factor of 270 and 171.
9
What is the greatest common divisor of 38 and 133?
19
Calculate the greatest common factor of 14986 and 118.
118
Calculate the highest common factor of 16 and 7.
1
What is the greatest common factor of 795 and 15?
15
Calculate the greatest common factor of 440 and 520.
40
Calculate the greatest common factor of 18 and 5.
1
What is the highest common divisor of 555 and 1332?
111
What is the greatest common divisor of 26213 and 11?
11
What is the greatest common divisor of 14 and 14?
14
What is the highest common factor of 18 and 4692?
6
What is the highest common divisor of 65 and 13?
13
Calculate the greatest common divisor of 741 and 13.
13
Calculate the highest common divisor of 553 and 158.
79
What is the greatest common divisor of 1751 and 17?
17
What is the highest common factor of 99 and 275?
11
Calculate the highest common factor of 176 and 308.
44
What is the highest common divisor of 240 and 7260?
60
Calculate the greatest common factor of 44 and 198.
22
Calculate the highest common factor of 4390 and 10.
10
Calculate the greatest common factor of 4930 and 1190.
170
Calculate the highest common factor of 1963 and 169.
13
What is the highest common divisor of 147 and 21?
21
Calculate the greatest common factor of 40 and 620.
20
Calculate the greatest common factor of 860 and 20.
20
What is the highest common divisor of 12 and 30?
6
Calculate the greatest common factor of 231 and 12837.
33
Calculate the greatest common divisor of 13024 and 370.
74
What is the greatest common divisor of 6 and 1878?
6
Calculate the greatest common divisor of 608 and 988.
76
What is the highest common divisor of 1116 and 62?
62
Calculate the highest common factor of 1023 and 231.
33
Calculate the highest common divisor of 305 and 1159.
61
What is the highest common factor of 4097 and 68?
17
What is the highest common factor of 48689 and 181?
181
What is the highest common divisor of 1200 and 6480?
240
What is the greatest common divisor of 4 and 556?
4
Calculate the highest common divisor of 217 and 91.
7
What is the greatest common factor of 258 and 516?
258
Calculate the greatest common factor of 273 and 56.
7
Calculate the highest common factor of 45 and 38385.
45
Calculate the highest common factor of 2488 and 3421.
311
What is the highest common factor of 232 and 16?
8
What is the greatest common divisor of 8 and 436?
4
What is the greatest common divisor of 2838 and 66?
66
What is the highest common factor of 2023 and 952?
119
What is the greatest common factor of 7 and 22309?
7
What is the highest common divisor of 32 and 6112?
32
What is the highest common factor of 36 and 27?
9
Calculate the greatest common factor of 9 and 2.
1
What is the highest common divisor of 530 and 70?
10
Calculate the greatest common factor of 32 and 76.
4
Calculate the greatest common factor of 6 and 27.
3
What is the greatest common divisor of 14 and 3983?
7
Calculate the highest common factor of 72 and 10104.
24
What is the highest common divisor of 17 and 9299?
17
Calculate the highest common divisor of 21 and 32403.
21
Calculate the greatest common divisor of 427 and 671.
61
What is the highest common factor of 125 and 75?
25
Calculate the highest common factor of 4681 and 151.
151
What is the greatest common factor of 5254 and 222?
74
Calculate the highest common divisor of 57 and 1425.
57
Calculate the greatest common factor of 9 and 18.
9
What is the greatest common factor of 45 and 2085?
15
Calculate the greatest common divisor of 5901 and 84.
21
What is the greatest common factor of 4374 and 1296?
162
Calculate the greatest common divisor of 45 and 2385.
45
Calculate the greatest common divisor of 19 and 38.
19
What is the highest common factor of 11 and 517?
11
What is the highest common divisor of 469 and 7?
7
Calculate the greatest common divisor of 10 and 310.
10
Calculate the highest common factor of 192 and 7008.
96
Calculate the greatest common factor of 6 and 16602.
6
What is the highest common factor of 2562 and 42?
42
What is the highest common divisor of 1377 and 54?
27
Calculate the greatest common divisor of 13667 and 79.
79
What is the highest common factor of 16 and 1016?
8
Calculate the greatest common factor of 737 and 536.
67
Calculate the greatest common divisor of 6 and 114.
6
Calculate the greatest common divisor of 62 and 11873.
31
What is the greatest common factor of 225 and 20?
5
What is the greatest common factor of 784 and 2940?
196
Calculate the highest common factor of 856 and 963.
107
What is the greatest common factor of 36 and 468?
36
Calculate the greatest common divisor of 369 and 36.
9
Calculate the highest common divisor of 1 and 209.
1
Calculate the greatest common divisor of 68 and 8942.
34
Calculate the highest common factor of 12 and 1844.
4
Calculate the greatest common factor of 136 and 102.
34
What is the highest common divisor of 14 and 214?
2
Calculate the greatest common factor of 3 and 120.
3
What is the greatest common factor of 247 and 38?
19
Calculate the greatest common factor of 693 and 154.
77
What is the greatest common factor of 1157 and 130?
13
Calculate the greatest common divisor of 337 and 46506.
337
Calculate the greatest common factor of 42110 and 20.
10
Calculate the greatest common factor of 513 and 7011.
171
What is the highest common divisor of 91 and 175?
7
What is the highest common divisor of 84 and 217?
7
Calculate the highest common divisor of 370 and 333.
37
What is the highest common divisor of 52 and 3146?
26
Calculate the greatest common divisor of 1302 and 4650.
186
What is the highest common divisor of 16 and 6072?
8
Calculate the highest common factor of 95 and 76.
19
What is the greatest common factor of 518 and 14282?
74
Calculate the greatest common factor of 83 and 67147.
83
What is the highest common factor of 119 and 2261?
119
What is the gre